{"id":1590,"date":"2018-04-15T18:40:06","date_gmt":"2018-04-15T18:40:06","guid":{"rendered":"http:\/\/aganplus.org\/?page_id=1590"},"modified":"2019-12-20T14:59:29","modified_gmt":"2019-12-20T14:59:29","slug":"capiten-2020","status":"publish","type":"page","link":"https:\/\/aganplus.org\/index.php\/proyectos-y-actividades\/proyectos\/capiten-2020\/","title":{"rendered":"CAPITEN"},"content":{"rendered":"<p>El proyecto europeo <a href=\"http:\/\/capiten.eu\">Capiten (Cl\u00faster Atl\u00e1ntico Para la Innovaci\u00f3n Tecnol\u00f3gica y Econ\u00f3mica de la industria N\u00e1utica)<\/a> tiene como objetivo actuar sobre el sector de la navegaci\u00f3n de recreo, que representa unos 8.900 millones de euros y 85.000 empleos en el Espacio Atl\u00e1ntico. Aprobado dentro del <a href=\"https:\/\/www.atlanticarea.eu\/\">Programa Interreg VB Espacio Atl\u00e1ntico<\/a>, con un presupuesto total de\u00a03.000.000\u00a0de euros, dispone de\u00a0una inversi\u00f3n para Galicia cercana a los 400.000 euros.<\/p>\n<p>Coordinado por la regi\u00f3n de Breta\u00f1a (Francia), l\u00edder europeo en la n\u00e1utica, participan regiones de Galicia, Reino Unido, Irlanda y Portugal. Agan+ es la coordinadora del proyecto en Galicia y la responsable del proyecto de cabotajes costeros.<\/p>\n<p><a href=\"https:\/\/capiten.eu\/?lang=en\"><img decoding=\"async\" class=\"aligncenter wp-image-1704\" src=\"http:\/\/aganplus.org\/wp-content\/uploads\/2018\/04\/Capiten_logo_RVB-1024x344.jpg\" alt=\"\" width=\"309\" height=\"104\" srcset=\"https:\/\/aganplus.org\/wp-content\/uploads\/2018\/04\/Capiten_logo_RVB-1024x344.jpg 1024w, https:\/\/aganplus.org\/wp-content\/uploads\/2018\/04\/Capiten_logo_RVB-300x101.jpg 300w, https:\/\/aganplus.org\/wp-content\/uploads\/2018\/04\/Capiten_logo_RVB-768x258.jpg 768w, https:\/\/aganplus.org\/wp-content\/uploads\/2018\/04\/Capiten_logo_RVB-24x8.jpg 24w, https:\/\/aganplus.org\/wp-content\/uploads\/2018\/04\/Capiten_logo_RVB-36x12.jpg 36w, https:\/\/aganplus.org\/wp-content\/uploads\/2018\/04\/Capiten_logo_RVB-48x16.jpg 48w\" sizes=\"(max-width: 309px) 100vw, 309px\" \/><\/a><\/p>\n<p>FINANCIADO POR:<\/p>\n<div id=\"attachment_2437\" style=\"width: 509px\" class=\"wp-caption alignleft\"><img fetchpriority=\"high\" decoding=\"async\" aria-describedby=\"caption-attachment-2437\" class=\" wp-image-2437\" src=\"http:\/\/aganplus.org\/wp-content\/uploads\/2019\/12\/logo-atlantic-area.png\" alt=\"Logo atlantic area\" width=\"499\" height=\"135\" srcset=\"https:\/\/aganplus.org\/wp-content\/uploads\/2019\/12\/logo-atlantic-area.png 740w, https:\/\/aganplus.org\/wp-content\/uploads\/2019\/12\/logo-atlantic-area-300x81.png 300w, https:\/\/aganplus.org\/wp-content\/uploads\/2019\/12\/logo-atlantic-area-24x6.png 24w, https:\/\/aganplus.org\/wp-content\/uploads\/2019\/12\/logo-atlantic-area-36x10.png 36w, https:\/\/aganplus.org\/wp-content\/uploads\/2019\/12\/logo-atlantic-area-48x13.png 48w\" sizes=\"(max-width: 499px) 100vw, 499px\" \/><p id=\"caption-attachment-2437\" class=\"wp-caption-text\">COFINANCIADO POR:<\/p><\/div>\n<p><img decoding=\"async\" class=\" wp-image-2433\" src=\"http:\/\/aganplus.org\/wp-content\/uploads\/2019\/12\/Cofinanciado2-1024x116.jpg\" alt=\"Cofinanciado por la Xunta de Galicia y Agader\" width=\"572\" height=\"64\" srcset=\"https:\/\/aganplus.org\/wp-content\/uploads\/2019\/12\/Cofinanciado2-1024x116.jpg 1024w, https:\/\/aganplus.org\/wp-content\/uploads\/2019\/12\/Cofinanciado2-300x34.jpg 300w, https:\/\/aganplus.org\/wp-content\/uploads\/2019\/12\/Cofinanciado2-768x87.jpg 768w, https:\/\/aganplus.org\/wp-content\/uploads\/2019\/12\/Cofinanciado2-1536x174.jpg 1536w, https:\/\/aganplus.org\/wp-content\/uploads\/2019\/12\/Cofinanciado2-24x3.jpg 24w, https:\/\/aganplus.org\/wp-content\/uploads\/2019\/12\/Cofinanciado2-36x4.jpg 36w, https:\/\/aganplus.org\/wp-content\/uploads\/2019\/12\/Cofinanciado2-48x5.jpg 48w, https:\/\/aganplus.org\/wp-content\/uploads\/2019\/12\/Cofinanciado2.jpg 1575w\" sizes=\"(max-width: 572px) 100vw, 572px\" \/><\/p>\n<p><strong>Objetivo principal del proyecto:<\/strong><\/p>\n<ul>\n<li>Favorecer el desarrollo econ\u00f3mico y el empleo del sector n\u00e1utico a trav\u00e9s de la valorizaci\u00f3n de los activos naturales y culturales de su \u00e1rea de actuaci\u00f3n.<\/li>\n<\/ul>\n<p><strong>Objetivos espec\u00edficos del proyecto:<\/strong><\/p>\n<ul>\n<li>Estimular, modernizar y expandir las actividades y servicios que contribuyen al desarrollo econ\u00f3mico de la pr\u00e1ctica de navegaci\u00f3n a trav\u00e9s de la creaci\u00f3n de productos innovadores.<\/li>\n<li>Atraer y sensibilizar a nuevos p\u00fablicos mediante la demostraci\u00f3n y el acceso a productos innovadores en eventos existentes de gran presencia de p\u00fablico.<\/li>\n<li>Acompa\u00f1ar a la industria n\u00e1utica hacia un enfoque sostenible que sea m\u00e1s respetuoso con el medioambiente, centr\u00e1ndose en el dise\u00f1o de materiales n\u00e1uticos de nueva generaci\u00f3n.<\/li>\n<li>Favorecer la navegaci\u00f3n entre los diferentes puertos del Arco Atl\u00e1ntico valorando el patrimonio natural y cultural com\u00fan de los destinos a trav\u00e9s de una red de circuitos de cabotaje.<\/li>\n<li>Mejorar los servicios y la hospitalidad en los puertos deportivos para dar cabida a una mayor diversidad de visitantes.<\/li>\n<\/ul>\n<p><strong>Los resultados esperados de la creaci\u00f3n del Cl\u00faster Atl\u00e1ntico son:<\/strong><\/p>\n<ul>\n<li>Organizar de forma concertada y coherente el desarrollo de la industria n\u00e1utica.<\/li>\n<li>Facilitar la aparici\u00f3n de productos y servicios innovadores.<\/li>\n<li>Reforzar el atractivo de los territorios del Arco Atl\u00e1ntico y la calidad de vida de su poblaci\u00f3n, para atraer a nuevos clientes tur\u00edsticos.<\/li>\n<\/ul>\n<p><strong>En Galicia los socios del proyecto son:<\/strong><\/p>\n<ul>\n<li><a href=\"http:\/\/aganplus.org\" target=\"_blank\" rel=\"noopener noreferrer\">Asociaci\u00f3n Galega de Actividades N\u00e1uticas (AGAN+)<\/a>. Coordinadora regional en Galicia y coordinadora del proyecto para el paquete de creaci\u00f3n de Cabotaje.<\/li>\n<li><a href=\"http:\/\/www.portosdegalicia.gal\/gl\/\" target=\"_blank\" rel=\"noopener noreferrer\">Portos de Galicia<\/a>.<\/li>\n<\/ul>\n<p><a href=\"https:\/\/capiten.eu\/?lang=en\" target=\"_blank\" rel=\"noopener noreferrer\">Visita nuestra web del Proyecto CAPITEN haciendo clic aqu\u00ed<\/a>.<\/p>\n","protected":false},"excerpt":{"rendered":"<p>El proyecto europeo Capiten (Cl\u00faster Atl\u00e1ntico Para la Innovaci\u00f3n Tecnol\u00f3gica y Econ\u00f3mica de la industria N\u00e1utica) tiene como objetivo actuar sobre el sector de la navegaci\u00f3n de recreo, que representa unos 8.900 millones de euros y 85.000 empleos en el Espacio Atl\u00e1ntico. Aprobado dentro del Programa Interreg VB Espacio Atl\u00e1ntico, con un presupuesto total de\u00a03.000.000\u00a0de [&hellip;]<\/p>\n","protected":false},"author":2,"featured_media":0,"parent":1586,"menu_order":0,"comment_status":"closed","ping_status":"closed","template":"","meta":{"footnotes":""},"class_list":["post-1590","page","type-page","status-publish","hentry"],"_links":{"self":[{"href":"https:\/\/aganplus.org\/index.php\/wp-json\/wp\/v2\/pages\/1590","targetHints":{"allow":["GET"]}}],"collection":[{"href":"https:\/\/aganplus.org\/index.php\/wp-json\/wp\/v2\/pages"}],"about":[{"href":"https:\/\/aganplus.org\/index.php\/wp-json\/wp\/v2\/types\/page"}],"author":[{"embeddable":true,"href":"https:\/\/aganplus.org\/index.php\/wp-json\/wp\/v2\/users\/2"}],"replies":[{"embeddable":true,"href":"https:\/\/aganplus.org\/index.php\/wp-json\/wp\/v2\/comments?post=1590"}],"version-history":[{"count":13,"href":"https:\/\/aganplus.org\/index.php\/wp-json\/wp\/v2\/pages\/1590\/revisions"}],"predecessor-version":[{"id":2440,"href":"https:\/\/aganplus.org\/index.php\/wp-json\/wp\/v2\/pages\/1590\/revisions\/2440"}],"up":[{"embeddable":true,"href":"https:\/\/aganplus.org\/index.php\/wp-json\/wp\/v2\/pages\/1586"}],"wp:attachment":[{"href":"https:\/\/aganplus.org\/index.php\/wp-json\/wp\/v2\/media?parent=1590"}],"curies":[{"name":"wp","href":"https:\/\/api.w.org\/{rel}","templated":true}]}}

<p>El proyecto europeo <a href="http://capiten.eu">Capiten (Clúster Atlántico Para la Innovación Tecnológica y Económica de la industria Náutica)</a> tiene como objetivo actuar sobre el sector de la navegación de recreo, que representa unos 8.900 millones de euros y 85.000 empleos en el Espacio Atlántico. Aprobado dentro del <a href="https://www.atlanticarea.eu/">Programa Interreg VB Espacio Atlántico</a>, con un presupuesto total de 3.000.000 de euros, dispone de una inversión para Galicia cercana a los 400.000 euros.</p>
<p>Coordinado por la región de Bretaña (Francia), líder europeo en la náutica, participan regiones de Galicia, Reino Unido, Irlanda y Portugal. Agan+ es la coordinadora del proyecto en Galicia y la responsable del proyecto de cabotajes costeros.</p>
<p><a href="https://capiten.eu/?lang=en"><img decoding="async" class="aligncenter wp-image-1704" src="http://aganplus.org/wp-content/uploads/2018/04/Capiten_logo_RVB-1024x344.jpg" alt="" width="309" height="104" srcset="https://aganplus.org/wp-content/uploads/2018/04/Capiten_logo_RVB-1024x344.jpg 1024w, https://aganplus.org/wp-content/uploads/2018/04/Capiten_logo_RVB-300x101.jpg 300w, https://aganplus.org/wp-content/uploads/2018/04/Capiten_logo_RVB-768x258.jpg 768w, https://aganplus.org/wp-content/uploads/2018/04/Capiten_logo_RVB-24x8.jpg 24w, https://aganplus.org/wp-content/uploads/2018/04/Capiten_logo_RVB-36x12.jpg 36w, https://aganplus.org/wp-content/uploads/2018/04/Capiten_logo_RVB-48x16.jpg 48w" sizes="(max-width: 309px) 100vw, 309px" /></a></p>
<p>FINANCIADO POR:</p>
<div id="attachment_2437" style="width: 509px" class="wp-caption alignleft"><img fetchpriority="high" decoding="async" aria-describedby="caption-attachment-2437" class=" wp-image-2437" src="http://aganplus.org/wp-content/uploads/2019/12/logo-atlantic-area.png" alt="Logo atlantic area" width="499" height="135" srcset="https://aganplus.org/wp-content/uploads/2019/12/logo-atlantic-area.png 740w, https://aganplus.org/wp-content/uploads/2019/12/logo-atlantic-area-300x81.png 300w, https://aganplus.org/wp-content/uploads/2019/12/logo-atlantic-area-24x6.png 24w, https://aganplus.org/wp-content/uploads/2019/12/logo-atlantic-area-36x10.png 36w, https://aganplus.org/wp-content/uploads/2019/12/logo-atlantic-area-48x13.png 48w" sizes="(max-width: 499px) 100vw, 499px" /><p id="caption-attachment-2437" class="wp-caption-text">COFINANCIADO POR:</p></div>
<p><img decoding="async" class=" wp-image-2433" src="http://aganplus.org/wp-content/uploads/2019/12/Cofinanciado2-1024x116.jpg" alt="Cofinanciado por la Xunta de Galicia y Agader" width="572" height="64" srcset="https://aganplus.org/wp-content/uploads/2019/12/Cofinanciado2-1024x116.jpg 1024w, https://aganplus.org/wp-content/uploads/2019/12/Cofinanciado2-300x34.jpg 300w, https://aganplus.org/wp-content/uploads/2019/12/Cofinanciado2-768x87.jpg 768w, https://aganplus.org/wp-content/uploads/2019/12/Cofinanciado2-1536x174.jpg 1536w, https://aganplus.org/wp-content/uploads/2019/12/Cofinanciado2-24x3.jpg 24w, https://aganplus.org/wp-content/uploads/2019/12/Cofinanciado2-36x4.jpg 36w, https://aganplus.org/wp-content/uploads/2019/12/Cofinanciado2-48x5.jpg 48w, https://aganplus.org/wp-content/uploads/2019/12/Cofinanciado2.jpg 1575w" sizes="(max-width: 572px) 100vw, 572px" /></p>
<p><strong>Objetivo principal del proyecto:</strong></p>
<ul>
<li>Favorecer el desarrollo económico y el empleo del sector náutico a través de la valorización de los activos naturales y culturales de su área de actuación.</li>
</ul>
<p><strong>Objetivos específicos del proyecto:</strong></p>
<ul>
<li>Estimular, modernizar y expandir las actividades y servicios que contribuyen al desarrollo económico de la práctica de navegación a través de la creación de productos innovadores.</li>
<li>Atraer y sensibilizar a nuevos públicos mediante la demostración y el acceso a productos innovadores en eventos existentes de gran presencia de público.</li>
<li>Acompañar a la industria náutica hacia un enfoque sostenible que sea más respetuoso con el medioambiente, centrándose en el diseño de materiales náuticos de nueva generación.</li>
<li>Favorecer la navegación entre los diferentes puertos del Arco Atlántico valorando el patrimonio natural y cultural común de los destinos a través de una red de circuitos de cabotaje.</li>
<li>Mejorar los servicios y la hospitalidad en los puertos deportivos para dar cabida a una mayor diversidad de visitantes.</li>
</ul>
<p><strong>Los resultados esperados de la creación del Clúster Atlántico son:</strong></p>
<ul>
<li>Organizar de forma concertada y coherente el desarrollo de la industria náutica.</li>
<li>Facilitar la aparición de productos y servicios innovadores.</li>
<li>Reforzar el atractivo de los territorios del Arco Atlántico y la calidad de vida de su población, para atraer a nuevos clientes turísticos.</li>
</ul>
<p><strong>En Galicia los socios del proyecto son:</strong></p>
<ul>
<li><a href="http://aganplus.org" target="_blank" rel="noopener noreferrer">Asociación Galega de Actividades Náuticas (AGAN+)</a>. Coordinadora regional en Galicia y coordinadora del proyecto para el paquete de creación de Cabotaje.</li>
<li><a href="http://www.portosdegalicia.gal/gl/" target="_blank" rel="noopener noreferrer">Portos de Galicia</a>.</li>
</ul>
<p><a href="https://capiten.eu/?lang=en" target="_blank" rel="noopener noreferrer">Visita nuestra web del Proyecto CAPITEN haciendo clic aquí</a>.</p>

<p>El proyecto europeo Capiten (Clúster Atlántico Para la Innovación Tecnológica y Económica de la industria Náutica) tiene como objetivo actuar sobre el sector de la navegación de recreo, que representa unos 8.900 millones de euros y 85.000 empleos en el Espacio Atlántico. Aprobado dentro del Programa Interreg VB Espacio Atlántico, con un presupuesto total de 3.000.000 de [&hellip;]</p>
